{"id":724,"date":"2021-01-31T10:00:28","date_gmt":"2021-01-31T09:00:28","guid":{"rendered":"https:\/\/www.die-kronenwerkstatt.de\/?page_id=724"},"modified":"2024-07-21T12:08:46","modified_gmt":"2024-07-21T10:08:46","slug":"home","status":"publish","type":"page","link":"https:\/\/www.die-kronenwerkstatt.de\/","title":{"rendered":"Home"},"content":{"rendered":"\n<div class=\"wp-block-group\"><div class=\"wp-block-group__inner-container is-layout-flow wp-block-group-is-layout-flow\">\n<div class=\"wp-block-group is-layout-flow wp-block-group-is-layout-flow\"><div class=\"wp-block-group__inner-container\"><\/div><\/div>\n\n\n\n<p class=\"has-text-align-left\"><strong>Herzlich willkommen in der Kronen-Werkstatt!<\/strong><\/p>\n<\/div><\/div>\n\n\n\n<div class=\"wp-block-group is-layout-flow wp-block-group-is-layout-flow\"><div class=\"wp-block-group__inner-container\"><\/div><\/div>\n\n\n\n<p class=\"has-text-align-left\">Gemeinsam gestalten wir deine Krone oder den Haarschmuck f\u00fcr dein pers\u00f6nliches Event. Hast du schon eine Idee? Wenn ja, schreibe mir an michaela.wernig@gmx.de oder sende mir Fotos mit Beispielen. Ich berate dich auch gern bei der Umsetzung deiner W\u00fcnsche und zeige dir, welche M\u00f6glichkeiten es gibt. <\/p>\n\n\n\n<p>Auf den Seiten Grundformen und Materialien findest du einen ersten \u00dcberblick und Beispiele. Viel Spa\u00df beim St\u00f6bern!<\/p>\n","protected":false},"excerpt":{"rendered":"<p>Herzlich willkommen in der Kronen-Werkstatt! Gemeinsam gestalten wir deine Krone oder den Haarschmuck f\u00fcr dein pers\u00f6nliches Event. Hast du schon eine Idee? Wenn ja, schreibe mir an michaela.wernig@gmx.de oder sende mir Fotos mit Beispielen. Ich berate dich auch gern bei der Umsetzung deiner W\u00fcnsche und zeige dir, welche M\u00f6glichkeiten es gibt. Auf den Seiten Grundformen&hellip; <a class=\"more-link\" href=\"https:\/\/www.die-kronenwerkstatt.de\/\"><span class=\"screen-reader-text\">Home<\/span> weiterlesen<\/a><\/p>\n","protected":false},"author":2,"featured_media":93,"parent":0,"menu_order":10,"comment_status":"closed","ping_status":"closed","template":"","meta":{"ngg_post_thumbnail":0,"footnotes":""},"class_list":["post-724","page","type-page","status-publish","has-post-thumbnail","hentry","entry"],"_links":{"self":[{"href":"https:\/\/www.die-kronenwerkstatt.de\/index.php\/wp-json\/wp\/v2\/pages\/724","targetHints":{"allow":["GET"]}}],"collection":[{"href":"https:\/\/www.die-kronenwerkstatt.de\/index.php\/wp-json\/wp\/v2\/pages"}],"about":[{"href":"https:\/\/www.die-kronenwerkstatt.de\/index.php\/wp-json\/wp\/v2\/types\/page"}],"author":[{"embeddable":true,"href":"https:\/\/www.die-kronenwerkstatt.de\/index.php\/wp-json\/wp\/v2\/users\/2"}],"replies":[{"embeddable":true,"href":"https:\/\/www.die-kronenwerkstatt.de\/index.php\/wp-json\/wp\/v2\/comments?post=724"}],"version-history":[{"count":9,"href":"https:\/\/www.die-kronenwerkstatt.de\/index.php\/wp-json\/wp\/v2\/pages\/724\/revisions"}],"predecessor-version":[{"id":946,"href":"https:\/\/www.die-kronenwerkstatt.de\/index.php\/wp-json\/wp\/v2\/pages\/724\/revisions\/946"}],"wp:featuredmedia":[{"embeddable":true,"href":"https:\/\/www.die-kronenwerkstatt.de\/index.php\/wp-json\/wp\/v2\/media\/93"}],"wp:attachment":[{"href":"https:\/\/www.die-kronenwerkstatt.de\/index.php\/wp-json\/wp\/v2\/media?parent=724"}],"curies":[{"name":"wp","href":"https:\/\/api.w.org\/{rel}","templated":true}]}}